{"id":10,"date":"2016-04-25T19:07:16","date_gmt":"2016-04-25T19:07:16","guid":{"rendered":"http:\/\/schneefeld-brandschutz.de\/?page_id=10"},"modified":"2019-02-04T18:08:26","modified_gmt":"2019-02-04T16:08:26","slug":"brandschutzbuero-holger-schneefeld","status":"publish","type":"page","link":"https:\/\/schneefeld-brandschutz.de\/","title":{"rendered":""},"content":{"rendered":"\n<h4 class=\"wp-block-heading\">Ihr kompetenter Dienstleister <strong>rund um den vorbeugenden, organisatorischen, anlagentechnischen und baulichen Brandschutz<\/strong>.  <\/h4>\n\n\n\n<p><strong>Brandschutzb\u00fcro<\/strong><br><strong>Holger Schneefeld<\/strong><\/p>\n\n\n\n<div class=\"wp-block-image\"><figure class=\"alignleft is-resized\"><img decoding=\"async\" loading=\"lazy\" src=\"https:\/\/schneefeld-brandschutz.de\/wp-content\/uploads\/2019\/02\/Logo-1024x618.jpg\" alt=\"\" class=\"wp-image-375\" width=\"75\" height=\"45\" srcset=\"https:\/\/schneefeld-brandschutz.de\/wp-content\/uploads\/2019\/02\/Logo-1024x618.jpg 1024w, https:\/\/schneefeld-brandschutz.de\/wp-content\/uploads\/2019\/02\/Logo-300x181.jpg 300w, https:\/\/schneefeld-brandschutz.de\/wp-content\/uploads\/2019\/02\/Logo-768x463.jpg 768w, https:\/\/schneefeld-brandschutz.de\/wp-content\/uploads\/2019\/02\/Logo-830x501.jpg 830w, https:\/\/schneefeld-brandschutz.de\/wp-content\/uploads\/2019\/02\/Logo-230x139.jpg 230w, https:\/\/schneefeld-brandschutz.de\/wp-content\/uploads\/2019\/02\/Logo-350x211.jpg 350w, https:\/\/schneefeld-brandschutz.de\/wp-content\/uploads\/2019\/02\/Logo-480x289.jpg 480w\" sizes=\"(max-width: 75px) 100vw, 75px\" \/><\/figure><\/div>\n\n\n\n<p>Sachverst\u00e4ndiger f\u00fcr vorbeugenden Brandschutz<br>\nnach DIN EN ISO\/IEC 17024<\/p>\n\n\n\n<p>Friedenstr. 6\/1<br>75038 Oberderdingen<br>(Tel.) 07258 9307747<br>(Mobil) 0151 50507309<br>(Mail) <a href=\"mailto:h.schneefeld@web.de\">h.schneefeld@web.de<\/a><\/p>\n","protected":false},"excerpt":{"rendered":"<p>Ihr kompetenter Dienstleister rund um den vorbeugenden, organisatorischen, anlagentechnischen und baulichen Brandschutz. Brandschutzb\u00fcroHolger Schneefeld Sachverst\u00e4ndiger f\u00fcr vorbeugenden Brandschutz nach DIN EN ISO\/IEC 17024 Friedenstr. 6\/175038 Oberderdingen(Tel.) 07258 9307747(Mobil) 0151 50507309(Mail) h.schneefeld@web.de<\/p>\n","protected":false},"author":1,"featured_media":105,"parent":0,"menu_order":1,"comment_status":"closed","ping_status":"closed","template":"","meta":[],"_links":{"self":[{"href":"https:\/\/schneefeld-brandschutz.de\/index.php?rest_route=\/wp\/v2\/pages\/10"}],"collection":[{"href":"https:\/\/schneefeld-brandschutz.de\/index.php?rest_route=\/wp\/v2\/pages"}],"about":[{"href":"https:\/\/schneefeld-brandschutz.de\/index.php?rest_route=\/wp\/v2\/types\/page"}],"author":[{"embeddable":true,"href":"https:\/\/schneefeld-brandschutz.de\/index.php?rest_route=\/wp\/v2\/users\/1"}],"replies":[{"embeddable":true,"href":"https:\/\/schneefeld-brandschutz.de\/index.php?rest_route=%2Fwp%2Fv2%2Fcomments&post=10"}],"version-history":[{"count":88,"href":"https:\/\/schneefeld-brandschutz.de\/index.php?rest_route=\/wp\/v2\/pages\/10\/revisions"}],"predecessor-version":[{"id":419,"href":"https:\/\/schneefeld-brandschutz.de\/index.php?rest_route=\/wp\/v2\/pages\/10\/revisions\/419"}],"wp:featuredmedia":[{"embeddable":true,"href":"https:\/\/schneefeld-brandschutz.de\/index.php?rest_route=\/wp\/v2\/media\/105"}],"wp:attachment":[{"href":"https:\/\/schneefeld-brandschutz.de\/index.php?rest_route=%2Fwp%2Fv2%2Fmedia&parent=10"}],"curies":[{"name":"wp","href":"https:\/\/api.w.org\/{rel}","templated":true}]}}